{"version":"1.0","provider_name":"Ch\u00e2teau Saint-Pierre de Mejans | Vineyard","provider_url":"https:\/\/saintpierredemejans.com\/en","author_name":"contact@saintpierredemejans.com","author_url":"https:\/\/saintpierredemejans.com\/en\/author\/contactsaintpierredemejans-com\/","title":"March\u00e9 de No\u00ebl - 9 D\u00e9cembre | Ch\u00e2teau Saint-Pierre de Mejans | Vignoble","type":"rich","width":600,"height":338,"html":"<blockquote class=\"wp-embedded-content\" data-secret=\"3phnd5vI6Y\"><a href=\"https:\/\/saintpierredemejans.com\/en\/marche-de-noel-9-decembre\/\">Christmas Market - 9 December<\/a><\/blockquote><iframe sandbox=\"allow-scripts\" security=\"restricted\" src=\"https:\/\/saintpierredemejans.com\/en\/marche-de-noel-9-decembre\/embed\/#?secret=3phnd5vI6Y\" width=\"600\" height=\"338\" title=\"&#8220;March\u00e9 de No\u00ebl &#8211; 9 D\u00e9cembre&#8221; &#8212; Ch\u00e2teau Saint-Pierre de Mejans | Vignoble\" data-secret=\"3phnd5vI6Y\" frameborder=\"0\" marginwidth=\"0\" marginheight=\"0\" scrolling=\"no\" class=\"wp-embedded-content\"><\/iframe><script type=\"text\/javascript\">\n\/* <![CDATA[ *\/\n\/*! This file is auto-generated *\/\n!function(d,l){\"use strict\";l.querySelector&&d.addEventListener&&\"undefined\"!=typeof URL&&(d.wp=d.wp||{},d.wp.receiveEmbedMessage||(d.wp.receiveEmbedMessage=function(e){var t=e.data;if((t||t.secret||t.message||t.value)&&!\/[^a-zA-Z0-9]\/.test(t.secret)){for(var s,r,n,a=l.querySelectorAll('iframe[data-secret=\"'+t.secret+'\"]'),o=l.querySelectorAll('blockquote[data-secret=\"'+t.secret+'\"]'),c=new RegExp(\"^https?:$\",\"i\"),i=0;i<o.length;i++)o[i].style.display=\"none\";for(i=0;i<a.length;i++)s=a[i],e.source===s.contentWindow&&(s.removeAttribute(\"style\"),\"height\"===t.message?(1e3<(r=parseInt(t.value,10))?r=1e3:~~r<200&&(r=200),s.height=r):\"link\"===t.message&&(r=new URL(s.getAttribute(\"src\")),n=new URL(t.value),c.test(n.protocol))&&n.host===r.host&&l.activeElement===s&&(d.top.location.href=t.value))}},d.addEventListener(\"message\",d.wp.receiveEmbedMessage,!1),l.addEventListener(\"DOMContentLoaded\",function(){for(var e,t,s=l.querySelectorAll(\"iframe.wp-embedded-content\"),r=0;r<s.length;r++)(t=(e=s[r]).getAttribute(\"data-secret\"))||(t=Math.random().toString(36).substring(2,12),e.src+=\"#?secret=\"+t,e.setAttribute(\"data-secret\",t)),e.contentWindow.postMessage({message:\"ready\",secret:t},\"*\")},!1)))}(window,document);\n\/\/# sourceURL=https:\/\/saintpierredemejans.com\/wp-includes\/js\/wp-embed.min.js\n\/* ]]> *\/\n<\/script>","thumbnail_url":"https:\/\/saintpierredemejans.com\/wp-content\/uploads\/2023\/11\/Marche-de-Noel-2023.png","thumbnail_width":1414,"thumbnail_height":2000,"description":"Nous sommes heureux de vous inviter le Samedi 9 D\u00e9cembre \u00e0 notre 2nd \u00e9dition de notre March\u00e9 de No\u00ebl au ch\u00e2teau. \ud83c\udf84 Vous trouverez de jolis cadeaux pour vos proches faits par des artisans locaux, passionn\u00e9s par leurs m\u00e9tiers tels que: @so_boheme_cosmetiques @lamaisondesjus @roraimaceramics @sabinewernerjewellery @l_angetlo @man.raeth @laurencevouillemin @josephine_bougies @ngotanpierre @jaubert_pierre @lartchocolatier @matilda_parker_ceramics Les chevrettes [&hellip;]"}

Château Saint-Pierre de Mejans | Vineyard

Marché de Noël - 9 Décembre | Château Saint-Pierre de Mejans | Vignoble

<blockquote class="wp-embedded-content" data-secret="3phnd5vI6Y"><a href="https://saintpierredemejans.com/en/marche-de-noel-9-decembre/">Christmas Market - 9 December</a></blockquote><iframe sandbox="allow-scripts" security="restricted" src="https://saintpierredemejans.com/en/marche-de-noel-9-decembre/embed/#?secret=3phnd5vI6Y" width="600" height="338" title="&#8220;Marché de Noël &#8211; 9 Décembre&#8221; &#8212; Château Saint-Pierre de Mejans | Vignoble" data-secret="3phnd5vI6Y" frameborder="0" marginwidth="0" marginheight="0" scrolling="no" class="wp-embedded-content"></iframe><script type="text/javascript">
/* <![CDATA[ */
/*! This file is auto-generated */
!function(d,l){"use strict";l.querySelector&&d.addEventListener&&"undefined"!=typeof URL&&(d.wp=d.wp||{},d.wp.receiveEmbedMessage||(d.wp.receiveEmbedMessage=function(e){var t=e.data;if((t||t.secret||t.message||t.value)&&!/[^a-zA-Z0-9]/.test(t.secret)){for(var s,r,n,a=l.querySelectorAll('iframe[data-secret="'+t.secret+'"]'),o=l.querySelectorAll('blockquote[data-secret="'+t.secret+'"]'),c=new RegExp("^https?:$","i"),i=0;i<o.length;i++)o[i].style.display="none";for(i=0;i<a.length;i++)s=a[i],e.source===s.contentWindow&&(s.removeAttribute("style"),"height"===t.message?(1e3<(r=parseInt(t.value,10))?r=1e3:~~r<200&&(r=200),s.height=r):"link"===t.message&&(r=new URL(s.getAttribute("src")),n=new URL(t.value),c.test(n.protocol))&&n.host===r.host&&l.activeElement===s&&(d.top.location.href=t.value))}},d.addEventListener("message",d.wp.receiveEmbedMessage,!1),l.addEventListener("DOMContentLoaded",function(){for(var e,t,s=l.querySelectorAll("iframe.wp-embedded-content"),r=0;r<s.length;r++)(t=(e=s[r]).getAttribute("data-secret"))||(t=Math.random().toString(36).substring(2,12),e.src+="#?secret="+t,e.setAttribute("data-secret",t)),e.contentWindow.postMessage({message:"ready",secret:t},"*")},!1)))}(window,document);
//# sourceURL=https://saintpierredemejans.com/wp-includes/js/wp-embed.min.js
/* ]]> */
</script>

Nous sommes heureux de vous inviter le Samedi 9 Décembre à notre 2nd édition de notre Marché de Noël au château. 🎄 Vous trouverez de jolis cadeaux pour vos proches faits par des artisans locaux, passionnés par leurs métiers tels que: @so_boheme_cosmetiques @lamaisondesjus @roraimaceramics @sabinewernerjewellery @l_angetlo @man.raeth @laurencevouillemin @josephine_bougies @ngotanpierre @jaubert_pierre @lartchocolatier @matilda_parker_ceramics Les chevrettes [&hellip;]
