{"id":4962,"date":"2025-11-27T16:22:23","date_gmt":"2025-11-27T15:22:23","guid":{"rendered":"https:\/\/saintpierredemejans.com\/?post_type=artiste&#038;p=4962"},"modified":"2025-11-28T12:42:59","modified_gmt":"2025-11-28T11:42:59","slug":"amber-cameron-portolesi-california","status":"publish","type":"artiste","link":"https:\/\/saintpierredemejans.com\/en\/artistes\/amber-cameron-portolesi-california\/","title":{"rendered":"Amber Cameron Portolesi - California"},"content":{"rendered":"<p><strong>Amber Cameron Portolesi<\/strong> Amber Cameron Portolesi was born on a rural farm in the southern United States and raised and educated in Southern California. With a lifelong passion for reading and writing, Amber has a strong academic and professional background in languages, writing and law. She is the author of both fiction and non-fiction. She is currently working on a father\/daughter memoir and a collection of short stories set in mid-century Australia. As artist in residence, she will be working on a historical novel and a travel writing project.<\/p>","protected":false},"excerpt":{"rendered":"<p>Amber Cameron Portolesi est n\u00e9e dans une ferme rurale du sud des \u00c9tats-Unis et a grandi et fait ses \u00e9tudes en Californie du Sud. Passionn\u00e9e depuis toujours par la lecture et l&rsquo;\u00e9criture, Mme Portolesi poss\u00e8de une solide formation universitaire et professionnelle dans les domaines des langues, de l&rsquo;\u00e9criture et du droit. Elle est auteure d&rsquo;ouvrages [&hellip;]<\/p>\n","protected":false},"featured_media":5011,"template":"","annee_residence":[163],"class_list":["post-4962","artiste","type-artiste","status-publish","has-post-thumbnail","hentry","annee_residence-163"],"yoast_head":"<!-- This site is optimized with the Yoast SEO plugin v27.4 - https:\/\/yoast.com\/product\/yoast-seo-wordpress\/ -->\n<title>Amber Cameron Portolesi \u2013 California | Ch\u00e2teau Saint-Pierre de Mejans | Vignoble<\/title>\n<meta name=\"robots\" content=\"index, follow, max-snippet:-1, max-image-preview:large, max-video-preview:-1\" \/>\n<link rel=\"canonical\" href=\"https:\/\/saintpierredemejans.com\/en\/artists\/amber-cameron-portolesi-california\/\" \/>\n<meta property=\"og:locale\" content=\"en_GB\" \/>\n<meta property=\"og:type\" content=\"article\" \/>\n<meta property=\"og:title\" content=\"Amber Cameron Portolesi \u2013 California | Ch\u00e2teau Saint-Pierre de Mejans | Vignoble\" \/>\n<meta property=\"og:description\" content=\"Amber Cameron Portolesi est n\u00e9e dans une ferme rurale du sud des \u00c9tats-Unis et a grandi et fait ses \u00e9tudes en Californie du Sud. Passionn\u00e9e depuis toujours par la lecture et l&rsquo;\u00e9criture, Mme Portolesi poss\u00e8de une solide formation universitaire et professionnelle dans les domaines des langues, de l&rsquo;\u00e9criture et du droit. Elle est auteure d&rsquo;ouvrages [&hellip;]\" \/>\n<meta property=\"og:url\" content=\"https:\/\/saintpierredemejans.com\/en\/artists\/amber-cameron-portolesi-california\/\" \/>\n<meta property=\"og:site_name\" content=\"Ch\u00e2teau Saint-Pierre de Mejans | Vignoble\" \/>\n<meta property=\"article:modified_time\" content=\"2025-11-28T11:42:59+00:00\" \/>\n<meta property=\"og:image\" content=\"https:\/\/saintpierredemejans.com\/wp-content\/uploads\/2025\/11\/Amber-Portolesi-4937-Edit-Edit2-scaled.jpg\" \/>\n\t<meta property=\"og:image:width\" content=\"1989\" \/>\n\t<meta property=\"og:image:height\" content=\"2560\" \/>\n\t<meta property=\"og:image:type\" content=\"image\/jpeg\" \/>\n<meta name=\"twitter:card\" content=\"summary_large_image\" \/>\n<meta name=\"twitter:label1\" content=\"Estimated reading time\" \/>\n\t<meta name=\"twitter:data1\" content=\"1 minute\" \/>\n<script type=\"application\/ld+json\" class=\"yoast-schema-graph\">{\"@context\":\"https:\\\/\\\/schema.org\",\"@graph\":[{\"@type\":\"WebPage\",\"@id\":\"https:\\\/\\\/saintpierredemejans.com\\\/artistes\\\/amber-cameron-portolesi-california\\\/\",\"url\":\"https:\\\/\\\/saintpierredemejans.com\\\/artistes\\\/amber-cameron-portolesi-california\\\/\",\"name\":\"Amber Cameron Portolesi \u2013 California | Ch\u00e2teau Saint-Pierre de Mejans | Vignoble\",\"isPartOf\":{\"@id\":\"https:\\\/\\\/saintpierredemejans.com\\\/#website\"},\"primaryImageOfPage\":{\"@id\":\"https:\\\/\\\/saintpierredemejans.com\\\/artistes\\\/amber-cameron-portolesi-california\\\/#primaryimage\"},\"image\":{\"@id\":\"https:\\\/\\\/saintpierredemejans.com\\\/artistes\\\/amber-cameron-portolesi-california\\\/#primaryimage\"},\"thumbnailUrl\":\"https:\\\/\\\/saintpierredemejans.com\\\/wp-content\\\/uploads\\\/2025\\\/11\\\/Amber-Portolesi-4937-Edit-Edit2-scaled.jpg\",\"datePublished\":\"2025-11-27T15:22:23+00:00\",\"dateModified\":\"2025-11-28T11:42:59+00:00\",\"breadcrumb\":{\"@id\":\"https:\\\/\\\/saintpierredemejans.com\\\/artistes\\\/amber-cameron-portolesi-california\\\/#breadcrumb\"},\"inLanguage\":\"en-GB\",\"potentialAction\":[{\"@type\":\"ReadAction\",\"target\":[\"https:\\\/\\\/saintpierredemejans.com\\\/artistes\\\/amber-cameron-portolesi-california\\\/\"]}]},{\"@type\":\"ImageObject\",\"inLanguage\":\"en-GB\",\"@id\":\"https:\\\/\\\/saintpierredemejans.com\\\/artistes\\\/amber-cameron-portolesi-california\\\/#primaryimage\",\"url\":\"https:\\\/\\\/saintpierredemejans.com\\\/wp-content\\\/uploads\\\/2025\\\/11\\\/Amber-Portolesi-4937-Edit-Edit2-scaled.jpg\",\"contentUrl\":\"https:\\\/\\\/saintpierredemejans.com\\\/wp-content\\\/uploads\\\/2025\\\/11\\\/Amber-Portolesi-4937-Edit-Edit2-scaled.jpg\",\"width\":1989,\"height\":2560},{\"@type\":\"BreadcrumbList\",\"@id\":\"https:\\\/\\\/saintpierredemejans.com\\\/artistes\\\/amber-cameron-portolesi-california\\\/#breadcrumb\",\"itemListElement\":[{\"@type\":\"ListItem\",\"position\":1,\"name\":\"Home\",\"item\":\"https:\\\/\\\/saintpierredemejans.com\\\/\"},{\"@type\":\"ListItem\",\"position\":2,\"name\":\"Artistes\",\"item\":\"https:\\\/\\\/saintpierredemejans.com\\\/artistes\\\/\"},{\"@type\":\"ListItem\",\"position\":3,\"name\":\"Amber Cameron Portolesi \u2013 California\"}]},{\"@type\":\"WebSite\",\"@id\":\"https:\\\/\\\/saintpierredemejans.com\\\/#website\",\"url\":\"https:\\\/\\\/saintpierredemejans.com\\\/\",\"name\":\"Ch\u00e2teau Saint-Pierre de Mejans | Vignoble\",\"description\":\"ch\u00e2teau vignoble\",\"publisher\":{\"@id\":\"https:\\\/\\\/saintpierredemejans.com\\\/#organization\"},\"potentialAction\":[{\"@type\":\"SearchAction\",\"target\":{\"@type\":\"EntryPoint\",\"urlTemplate\":\"https:\\\/\\\/saintpierredemejans.com\\\/?s={search_term_string}\"},\"query-input\":{\"@type\":\"PropertyValueSpecification\",\"valueRequired\":true,\"valueName\":\"search_term_string\"}}],\"inLanguage\":\"en-GB\"},{\"@type\":\"Organization\",\"@id\":\"https:\\\/\\\/saintpierredemejans.com\\\/#organization\",\"name\":\"Ch\u00e2teau Saint-Pierre de Mejans | Vignoble dans le Lub\u00e9ron\",\"url\":\"https:\\\/\\\/saintpierredemejans.com\\\/\",\"logo\":{\"@type\":\"ImageObject\",\"inLanguage\":\"en-GB\",\"@id\":\"https:\\\/\\\/saintpierredemejans.com\\\/#\\\/schema\\\/logo\\\/image\\\/\",\"url\":\"https:\\\/\\\/saintpierredemejans.com\\\/wp-content\\\/uploads\\\/2021\\\/08\\\/favicon-1.png\",\"contentUrl\":\"https:\\\/\\\/saintpierredemejans.com\\\/wp-content\\\/uploads\\\/2021\\\/08\\\/favicon-1.png\",\"width\":822,\"height\":822,\"caption\":\"Ch\u00e2teau Saint-Pierre de Mejans | Vignoble dans le Lub\u00e9ron\"},\"image\":{\"@id\":\"https:\\\/\\\/saintpierredemejans.com\\\/#\\\/schema\\\/logo\\\/image\\\/\"}}]}<\/script>\n<!-- \/ Yoast SEO plugin. -->","yoast_head_json":{"title":"Amber Cameron Portolesi - California | Ch\u00e2teau Saint-Pierre de Mejans | Vineyard","robots":{"index":"index","follow":"follow","max-snippet":"max-snippet:-1","max-image-preview":"max-image-preview:large","max-video-preview":"max-video-preview:-1"},"canonical":"https:\/\/saintpierredemejans.com\/en\/artists\/amber-cameron-portolesi-california\/","og_locale":"en_GB","og_type":"article","og_title":"Amber Cameron Portolesi \u2013 California | Ch\u00e2teau Saint-Pierre de Mejans | Vignoble","og_description":"Amber Cameron Portolesi est n\u00e9e dans une ferme rurale du sud des \u00c9tats-Unis et a grandi et fait ses \u00e9tudes en Californie du Sud. Passionn\u00e9e depuis toujours par la lecture et l&rsquo;\u00e9criture, Mme Portolesi poss\u00e8de une solide formation universitaire et professionnelle dans les domaines des langues, de l&rsquo;\u00e9criture et du droit. Elle est auteure d&rsquo;ouvrages [&hellip;]","og_url":"https:\/\/saintpierredemejans.com\/en\/artists\/amber-cameron-portolesi-california\/","og_site_name":"Ch\u00e2teau Saint-Pierre de Mejans | Vignoble","article_modified_time":"2025-11-28T11:42:59+00:00","og_image":[{"width":1989,"height":2560,"url":"https:\/\/saintpierredemejans.com\/wp-content\/uploads\/2025\/11\/Amber-Portolesi-4937-Edit-Edit2-scaled.jpg","type":"image\/jpeg"}],"twitter_card":"summary_large_image","twitter_misc":{"Estimated reading time":"1 minute"},"schema":{"@context":"https:\/\/schema.org","@graph":[{"@type":"WebPage","@id":"https:\/\/saintpierredemejans.com\/artistes\/amber-cameron-portolesi-california\/","url":"https:\/\/saintpierredemejans.com\/artistes\/amber-cameron-portolesi-california\/","name":"Amber Cameron Portolesi - California | Ch\u00e2teau Saint-Pierre de Mejans | Vineyard","isPartOf":{"@id":"https:\/\/saintpierredemejans.com\/#website"},"primaryImageOfPage":{"@id":"https:\/\/saintpierredemejans.com\/artistes\/amber-cameron-portolesi-california\/#primaryimage"},"image":{"@id":"https:\/\/saintpierredemejans.com\/artistes\/amber-cameron-portolesi-california\/#primaryimage"},"thumbnailUrl":"https:\/\/saintpierredemejans.com\/wp-content\/uploads\/2025\/11\/Amber-Portolesi-4937-Edit-Edit2-scaled.jpg","datePublished":"2025-11-27T15:22:23+00:00","dateModified":"2025-11-28T11:42:59+00:00","breadcrumb":{"@id":"https:\/\/saintpierredemejans.com\/artistes\/amber-cameron-portolesi-california\/#breadcrumb"},"inLanguage":"en-GB","potentialAction":[{"@type":"ReadAction","target":["https:\/\/saintpierredemejans.com\/artistes\/amber-cameron-portolesi-california\/"]}]},{"@type":"ImageObject","inLanguage":"en-GB","@id":"https:\/\/saintpierredemejans.com\/artistes\/amber-cameron-portolesi-california\/#primaryimage","url":"https:\/\/saintpierredemejans.com\/wp-content\/uploads\/2025\/11\/Amber-Portolesi-4937-Edit-Edit2-scaled.jpg","contentUrl":"https:\/\/saintpierredemejans.com\/wp-content\/uploads\/2025\/11\/Amber-Portolesi-4937-Edit-Edit2-scaled.jpg","width":1989,"height":2560},{"@type":"BreadcrumbList","@id":"https:\/\/saintpierredemejans.com\/artistes\/amber-cameron-portolesi-california\/#breadcrumb","itemListElement":[{"@type":"ListItem","position":1,"name":"Home","item":"https:\/\/saintpierredemejans.com\/"},{"@type":"ListItem","position":2,"name":"Artistes","item":"https:\/\/saintpierredemejans.com\/artistes\/"},{"@type":"ListItem","position":3,"name":"Amber Cameron Portolesi \u2013 California"}]},{"@type":"WebSite","@id":"https:\/\/saintpierredemejans.com\/#website","url":"https:\/\/saintpierredemejans.com\/","name":"Ch\u00e2teau Saint-Pierre de Mejans | Vineyard","description":"chateau vineyard","publisher":{"@id":"https:\/\/saintpierredemejans.com\/#organization"},"potentialAction":[{"@type":"SearchAction","target":{"@type":"EntryPoint","urlTemplate":"https:\/\/saintpierredemejans.com\/?s={search_term_string}"},"query-input":{"@type":"PropertyValueSpecification","valueRequired":true,"valueName":"search_term_string"}}],"inLanguage":"en-GB"},{"@type":"Organization","@id":"https:\/\/saintpierredemejans.com\/#organization","name":"Ch\u00e2teau Saint-Pierre de Mejans | Vineyard in the Lub\u00e9ron","url":"https:\/\/saintpierredemejans.com\/","logo":{"@type":"ImageObject","inLanguage":"en-GB","@id":"https:\/\/saintpierredemejans.com\/#\/schema\/logo\/image\/","url":"https:\/\/saintpierredemejans.com\/wp-content\/uploads\/2021\/08\/favicon-1.png","contentUrl":"https:\/\/saintpierredemejans.com\/wp-content\/uploads\/2021\/08\/favicon-1.png","width":822,"height":822,"caption":"Ch\u00e2teau Saint-Pierre de Mejans | Vignoble dans le Lub\u00e9ron"},"image":{"@id":"https:\/\/saintpierredemejans.com\/#\/schema\/logo\/image\/"}}]}},"_links":{"self":[{"href":"https:\/\/saintpierredemejans.com\/en\/wp-json\/wp\/v2\/artiste\/4962","targetHints":{"allow":["GET"]}}],"collection":[{"href":"https:\/\/saintpierredemejans.com\/en\/wp-json\/wp\/v2\/artiste"}],"about":[{"href":"https:\/\/saintpierredemejans.com\/en\/wp-json\/wp\/v2\/types\/artiste"}],"wp:featuredmedia":[{"embeddable":true,"href":"https:\/\/saintpierredemejans.com\/en\/wp-json\/wp\/v2\/media\/5011"}],"wp:attachment":[{"href":"https:\/\/saintpierredemejans.com\/en\/wp-json\/wp\/v2\/media?parent=4962"}],"wp:term":[{"taxonomy":"annee_residence","embeddable":true,"href":"https:\/\/saintpierredemejans.com\/en\/wp-json\/wp\/v2\/annee_residence?post=4962"}],"curies":[{"name":"wp","href":"https:\/\/api.w.org\/{rel}","templated":true}]}}

<p>Amber Cameron Portolesi est née dans une ferme rurale du sud des États-Unis et a grandi et fait ses études en Californie du Sud. Passionnée depuis toujours par la lecture et l&rsquo;écriture, Mme Portolesi possède une solide formation universitaire et professionnelle dans les domaines des langues, de l&rsquo;écriture et du droit. Elle est auteure d&rsquo;ouvrages [&hellip;]</p>

<!-- This site is optimized with the Yoast SEO plugin v27.4 - https://yoast.com/product/yoast-seo-wordpress/ -->
<title>Amber Cameron Portolesi – California | Château Saint-Pierre de Mejans | Vignoble</title>
<meta name="robots" content="index, follow, max-snippet:-1, max-image-preview:large, max-video-preview:-1" />
<link rel="canonical" href="https://saintpierredemejans.com/en/artists/amber-cameron-portolesi-california/" />
<meta property="og:locale" content="en_GB" />
<meta property="og:type" content="article" />
<meta property="og:title" content="Amber Cameron Portolesi – California | Château Saint-Pierre de Mejans | Vignoble" />
<meta property="og:description" content="Amber Cameron Portolesi est née dans une ferme rurale du sud des États-Unis et a grandi et fait ses études en Californie du Sud. Passionnée depuis toujours par la lecture et l&rsquo;écriture, Mme Portolesi possède une solide formation universitaire et professionnelle dans les domaines des langues, de l&rsquo;écriture et du droit. Elle est auteure d&rsquo;ouvrages [&hellip;]" />
<meta property="og:url" content="https://saintpierredemejans.com/en/artists/amber-cameron-portolesi-california/" />
<meta property="og:site_name" content="Château Saint-Pierre de Mejans | Vignoble" />
<meta property="article:modified_time" content="2025-11-28T11:42:59+00:00" />
<meta property="og:image" content="https://saintpierredemejans.com/wp-content/uploads/2025/11/Amber-Portolesi-4937-Edit-Edit2-scaled.jpg" />
	<meta property="og:image:width" content="1989" />
	<meta property="og:image:height" content="2560" />
	<meta property="og:image:type" content="image/jpeg" />
<meta name="twitter:card" content="summary_large_image" />
<meta name="twitter:label1" content="Estimated reading time" />
	<meta name="twitter:data1" content="1 minute" />
<script type="application/ld+json" class="yoast-schema-graph">{"@context":"https:\/\/schema.org","@graph":[{"@type":"WebPage","@id":"https:\/\/saintpierredemejans.com\/artistes\/amber-cameron-portolesi-california\/","url":"https:\/\/saintpierredemejans.com\/artistes\/amber-cameron-portolesi-california\/","name":"Amber Cameron Portolesi – California | Château Saint-Pierre de Mejans | Vignoble","isPartOf":{"@id":"https:\/\/saintpierredemejans.com\/#website"},"primaryImageOfPage":{"@id":"https:\/\/saintpierredemejans.com\/artistes\/amber-cameron-portolesi-california\/#primaryimage"},"image":{"@id":"https:\/\/saintpierredemejans.com\/artistes\/amber-cameron-portolesi-california\/#primaryimage"},"thumbnailUrl":"https:\/\/saintpierredemejans.com\/wp-content\/uploads\/2025\/11\/Amber-Portolesi-4937-Edit-Edit2-scaled.jpg","datePublished":"2025-11-27T15:22:23+00:00","dateModified":"2025-11-28T11:42:59+00:00","breadcrumb":{"@id":"https:\/\/saintpierredemejans.com\/artistes\/amber-cameron-portolesi-california\/#breadcrumb"},"inLanguage":"en-GB","potentialAction":[{"@type":"ReadAction","target":["https:\/\/saintpierredemejans.com\/artistes\/amber-cameron-portolesi-california\/"]}]},{"@type":"ImageObject","inLanguage":"en-GB","@id":"https:\/\/saintpierredemejans.com\/artistes\/amber-cameron-portolesi-california\/#primaryimage","url":"https:\/\/saintpierredemejans.com\/wp-content\/uploads\/2025\/11\/Amber-Portolesi-4937-Edit-Edit2-scaled.jpg","contentUrl":"https:\/\/saintpierredemejans.com\/wp-content\/uploads\/2025\/11\/Amber-Portolesi-4937-Edit-Edit2-scaled.jpg","width":1989,"height":2560},{"@type":"BreadcrumbList","@id":"https:\/\/saintpierredemejans.com\/artistes\/amber-cameron-portolesi-california\/#breadcrumb","itemListElement":[{"@type":"ListItem","position":1,"name":"Home","item":"https:\/\/saintpierredemejans.com\/"},{"@type":"ListItem","position":2,"name":"Artistes","item":"https:\/\/saintpierredemejans.com\/artistes\/"},{"@type":"ListItem","position":3,"name":"Amber Cameron Portolesi – California"}]},{"@type":"WebSite","@id":"https:\/\/saintpierredemejans.com\/#website","url":"https:\/\/saintpierredemejans.com\/","name":"Château Saint-Pierre de Mejans | Vignoble","description":"château vignoble","publisher":{"@id":"https:\/\/saintpierredemejans.com\/#organization"},"potentialAction":[{"@type":"SearchAction","target":{"@type":"EntryPoint","urlTemplate":"https:\/\/saintpierredemejans.com\/?s={search_term_string}"},"query-input":{"@type":"PropertyValueSpecification","valueRequired":true,"valueName":"search_term_string"}}],"inLanguage":"en-GB"},{"@type":"Organization","@id":"https:\/\/saintpierredemejans.com\/#organization","name":"Château Saint-Pierre de Mejans | Vignoble dans le Lubéron","url":"https:\/\/saintpierredemejans.com\/","logo":{"@type":"ImageObject","inLanguage":"en-GB","@id":"https:\/\/saintpierredemejans.com\/#\/schema\/logo\/image\/","url":"https:\/\/saintpierredemejans.com\/wp-content\/uploads\/2021\/08\/favicon-1.png","contentUrl":"https:\/\/saintpierredemejans.com\/wp-content\/uploads\/2021\/08\/favicon-1.png","width":822,"height":822,"caption":"Château Saint-Pierre de Mejans | Vignoble dans le Lubéron"},"image":{"@id":"https:\/\/saintpierredemejans.com\/#\/schema\/logo\/image\/"}}]}</script>
<!-- / Yoast SEO plugin. -->

Amber Cameron Portolesi - California | Château Saint-Pierre de Mejans | Vineyard

Amber Cameron Portolesi – California | Château Saint-Pierre de Mejans | Vignoble

Amber Cameron Portolesi est née dans une ferme rurale du sud des États-Unis et a grandi et fait ses études en Californie du Sud. Passionnée depuis toujours par la lecture et l&rsquo;écriture, Mme Portolesi possède une solide formation universitaire et professionnelle dans les domaines des langues, de l&rsquo;écriture et du droit. Elle est auteure d&rsquo;ouvrages [&hellip;]

Château Saint-Pierre de Mejans | Vignoble

Château Saint-Pierre de Mejans | Vineyard

Château Saint-Pierre de Mejans | Vineyard in the Lubéron

Château Saint-Pierre de Mejans | Vignoble dans le Lubéron
