{"id":4964,"date":"2025-11-27T16:24:44","date_gmt":"2025-11-27T15:24:44","guid":{"rendered":"https:\/\/saintpierredemejans.com\/?post_type=artiste&#038;p=4964"},"modified":"2025-11-28T12:55:12","modified_gmt":"2025-11-28T11:55:12","slug":"chantal-fry-canada","status":"publish","type":"artiste","link":"https:\/\/saintpierredemejans.com\/en\/artistes\/chantal-fry-canada\/","title":{"rendered":"Chantal Fry - Canada"},"content":{"rendered":"<p><strong>Chantal Fry<\/strong> is a Toronto-born professional figure skater, performer and event specialist.  She is a multimedia professional and a passionate storyteller. After living in France for 8 years, where she performed with Holiday on Ice and the Lido de Paris, she created Glisse on Ice to bring the art of skating to unexpected places with a custom-made synthetic ice surface. Although she has returned to Canada to produce shows for prestigious events, her love and inspiration for the South of France remains intact with each visit.<\/p>\n<p>At the ch\u00e2teau, she will be devoting her time to adapting her first illustrated children's book, \"Chlo\u00e9 et la boule \u00e0 neige\", into a full figure skating show. This show will be presented in Canada and France, with the participation of international artists.<\/p>","protected":false},"excerpt":{"rendered":"<p>Chantal Fry est une patineuse artistique professionnelle, artiste de sc\u00e8ne et sp\u00e9cialiste \u00e9v\u00e9nementielle n\u00e9e \u00e0 Toronto.\u00a0 Elle est une professionnelle du multim\u00e9dia et une conteuse passionn\u00e9e. Apr\u00e8s avoir v\u00e9cu 8 ans en France o\u00f9 elle s&rsquo;est produite avec Holiday on Ice et le Lido de Paris, elle a cr\u00e9\u00e9 Glisse on Ice afin de faire [&hellip;]<\/p>\n","protected":false},"featured_media":5013,"template":"","annee_residence":[163],"class_list":["post-4964","artiste","type-artiste","status-publish","has-post-thumbnail","hentry","annee_residence-163"],"yoast_head":"<!-- This site is optimized with the Yoast SEO plugin v27.4 - https:\/\/yoast.com\/product\/yoast-seo-wordpress\/ -->\n<title>Chantal Fry \u2013 Canada | Ch\u00e2teau Saint-Pierre de Mejans | Vignoble<\/title>\n<meta name=\"robots\" content=\"index, follow, max-snippet:-1, max-image-preview:large, max-video-preview:-1\" \/>\n<link rel=\"canonical\" href=\"https:\/\/saintpierredemejans.com\/en\/artists\/chantal-fry-canada\/\" \/>\n<meta property=\"og:locale\" content=\"en_GB\" \/>\n<meta property=\"og:type\" content=\"article\" \/>\n<meta property=\"og:title\" content=\"Chantal Fry \u2013 Canada | Ch\u00e2teau Saint-Pierre de Mejans | Vignoble\" \/>\n<meta property=\"og:description\" content=\"Chantal Fry est une patineuse artistique professionnelle, artiste de sc\u00e8ne et sp\u00e9cialiste \u00e9v\u00e9nementielle n\u00e9e \u00e0 Toronto.\u00a0 Elle est une professionnelle du multim\u00e9dia et une conteuse passionn\u00e9e. Apr\u00e8s avoir v\u00e9cu 8 ans en France o\u00f9 elle s&rsquo;est produite avec Holiday on Ice et le Lido de Paris, elle a cr\u00e9\u00e9 Glisse on Ice afin de faire [&hellip;]\" \/>\n<meta property=\"og:url\" content=\"https:\/\/saintpierredemejans.com\/en\/artists\/chantal-fry-canada\/\" \/>\n<meta property=\"og:site_name\" content=\"Ch\u00e2teau Saint-Pierre de Mejans | Vignoble\" \/>\n<meta property=\"article:modified_time\" content=\"2025-11-28T11:55:12+00:00\" \/>\n<meta property=\"og:image\" content=\"https:\/\/saintpierredemejans.com\/wp-content\/uploads\/2025\/11\/Chantal-Fry-CV-3.png\" \/>\n\t<meta property=\"og:image:width\" content=\"430\" \/>\n\t<meta property=\"og:image:height\" content=\"310\" \/>\n\t<meta property=\"og:image:type\" content=\"image\/png\" \/>\n<meta name=\"twitter:card\" content=\"summary_large_image\" \/>\n<meta name=\"twitter:label1\" content=\"Estimated reading time\" \/>\n\t<meta name=\"twitter:data1\" content=\"1 minute\" \/>\n<script type=\"application\/ld+json\" class=\"yoast-schema-graph\">{\"@context\":\"https:\\\/\\\/schema.org\",\"@graph\":[{\"@type\":\"WebPage\",\"@id\":\"https:\\\/\\\/saintpierredemejans.com\\\/artistes\\\/chantal-fry-canada\\\/\",\"url\":\"https:\\\/\\\/saintpierredemejans.com\\\/artistes\\\/chantal-fry-canada\\\/\",\"name\":\"Chantal Fry \u2013 Canada | Ch\u00e2teau Saint-Pierre de Mejans | Vignoble\",\"isPartOf\":{\"@id\":\"https:\\\/\\\/saintpierredemejans.com\\\/#website\"},\"primaryImageOfPage\":{\"@id\":\"https:\\\/\\\/saintpierredemejans.com\\\/artistes\\\/chantal-fry-canada\\\/#primaryimage\"},\"image\":{\"@id\":\"https:\\\/\\\/saintpierredemejans.com\\\/artistes\\\/chantal-fry-canada\\\/#primaryimage\"},\"thumbnailUrl\":\"https:\\\/\\\/saintpierredemejans.com\\\/wp-content\\\/uploads\\\/2025\\\/11\\\/Chantal-Fry-CV-3.png\",\"datePublished\":\"2025-11-27T15:24:44+00:00\",\"dateModified\":\"2025-11-28T11:55:12+00:00\",\"breadcrumb\":{\"@id\":\"https:\\\/\\\/saintpierredemejans.com\\\/artistes\\\/chantal-fry-canada\\\/#breadcrumb\"},\"inLanguage\":\"en-GB\",\"potentialAction\":[{\"@type\":\"ReadAction\",\"target\":[\"https:\\\/\\\/saintpierredemejans.com\\\/artistes\\\/chantal-fry-canada\\\/\"]}]},{\"@type\":\"ImageObject\",\"inLanguage\":\"en-GB\",\"@id\":\"https:\\\/\\\/saintpierredemejans.com\\\/artistes\\\/chantal-fry-canada\\\/#primaryimage\",\"url\":\"https:\\\/\\\/saintpierredemejans.com\\\/wp-content\\\/uploads\\\/2025\\\/11\\\/Chantal-Fry-CV-3.png\",\"contentUrl\":\"https:\\\/\\\/saintpierredemejans.com\\\/wp-content\\\/uploads\\\/2025\\\/11\\\/Chantal-Fry-CV-3.png\",\"width\":430,\"height\":310},{\"@type\":\"BreadcrumbList\",\"@id\":\"https:\\\/\\\/saintpierredemejans.com\\\/artistes\\\/chantal-fry-canada\\\/#breadcrumb\",\"itemListElement\":[{\"@type\":\"ListItem\",\"position\":1,\"name\":\"Home\",\"item\":\"https:\\\/\\\/saintpierredemejans.com\\\/\"},{\"@type\":\"ListItem\",\"position\":2,\"name\":\"Artistes\",\"item\":\"https:\\\/\\\/saintpierredemejans.com\\\/artistes\\\/\"},{\"@type\":\"ListItem\",\"position\":3,\"name\":\"Chantal Fry \u2013 Canada\"}]},{\"@type\":\"WebSite\",\"@id\":\"https:\\\/\\\/saintpierredemejans.com\\\/#website\",\"url\":\"https:\\\/\\\/saintpierredemejans.com\\\/\",\"name\":\"Ch\u00e2teau Saint-Pierre de Mejans | Vignoble\",\"description\":\"ch\u00e2teau vignoble\",\"publisher\":{\"@id\":\"https:\\\/\\\/saintpierredemejans.com\\\/#organization\"},\"potentialAction\":[{\"@type\":\"SearchAction\",\"target\":{\"@type\":\"EntryPoint\",\"urlTemplate\":\"https:\\\/\\\/saintpierredemejans.com\\\/?s={search_term_string}\"},\"query-input\":{\"@type\":\"PropertyValueSpecification\",\"valueRequired\":true,\"valueName\":\"search_term_string\"}}],\"inLanguage\":\"en-GB\"},{\"@type\":\"Organization\",\"@id\":\"https:\\\/\\\/saintpierredemejans.com\\\/#organization\",\"name\":\"Ch\u00e2teau Saint-Pierre de Mejans | Vignoble dans le Lub\u00e9ron\",\"url\":\"https:\\\/\\\/saintpierredemejans.com\\\/\",\"logo\":{\"@type\":\"ImageObject\",\"inLanguage\":\"en-GB\",\"@id\":\"https:\\\/\\\/saintpierredemejans.com\\\/#\\\/schema\\\/logo\\\/image\\\/\",\"url\":\"https:\\\/\\\/saintpierredemejans.com\\\/wp-content\\\/uploads\\\/2021\\\/08\\\/favicon-1.png\",\"contentUrl\":\"https:\\\/\\\/saintpierredemejans.com\\\/wp-content\\\/uploads\\\/2021\\\/08\\\/favicon-1.png\",\"width\":822,\"height\":822,\"caption\":\"Ch\u00e2teau Saint-Pierre de Mejans | Vignoble dans le Lub\u00e9ron\"},\"image\":{\"@id\":\"https:\\\/\\\/saintpierredemejans.com\\\/#\\\/schema\\\/logo\\\/image\\\/\"}}]}<\/script>\n<!-- \/ Yoast SEO plugin. -->","yoast_head_json":{"title":"Chantal Fry - Canada | Ch\u00e2teau Saint-Pierre de Mejans | Vineyard","robots":{"index":"index","follow":"follow","max-snippet":"max-snippet:-1","max-image-preview":"max-image-preview:large","max-video-preview":"max-video-preview:-1"},"canonical":"https:\/\/saintpierredemejans.com\/en\/artists\/chantal-fry-canada\/","og_locale":"en_GB","og_type":"article","og_title":"Chantal Fry \u2013 Canada | Ch\u00e2teau Saint-Pierre de Mejans | Vignoble","og_description":"Chantal Fry est une patineuse artistique professionnelle, artiste de sc\u00e8ne et sp\u00e9cialiste \u00e9v\u00e9nementielle n\u00e9e \u00e0 Toronto.\u00a0 Elle est une professionnelle du multim\u00e9dia et une conteuse passionn\u00e9e. Apr\u00e8s avoir v\u00e9cu 8 ans en France o\u00f9 elle s&rsquo;est produite avec Holiday on Ice et le Lido de Paris, elle a cr\u00e9\u00e9 Glisse on Ice afin de faire [&hellip;]","og_url":"https:\/\/saintpierredemejans.com\/en\/artists\/chantal-fry-canada\/","og_site_name":"Ch\u00e2teau Saint-Pierre de Mejans | Vignoble","article_modified_time":"2025-11-28T11:55:12+00:00","og_image":[{"width":430,"height":310,"url":"https:\/\/saintpierredemejans.com\/wp-content\/uploads\/2025\/11\/Chantal-Fry-CV-3.png","type":"image\/png"}],"twitter_card":"summary_large_image","twitter_misc":{"Estimated reading time":"1 minute"},"schema":{"@context":"https:\/\/schema.org","@graph":[{"@type":"WebPage","@id":"https:\/\/saintpierredemejans.com\/artistes\/chantal-fry-canada\/","url":"https:\/\/saintpierredemejans.com\/artistes\/chantal-fry-canada\/","name":"Chantal Fry - Canada | Ch\u00e2teau Saint-Pierre de Mejans | Vineyard","isPartOf":{"@id":"https:\/\/saintpierredemejans.com\/#website"},"primaryImageOfPage":{"@id":"https:\/\/saintpierredemejans.com\/artistes\/chantal-fry-canada\/#primaryimage"},"image":{"@id":"https:\/\/saintpierredemejans.com\/artistes\/chantal-fry-canada\/#primaryimage"},"thumbnailUrl":"https:\/\/saintpierredemejans.com\/wp-content\/uploads\/2025\/11\/Chantal-Fry-CV-3.png","datePublished":"2025-11-27T15:24:44+00:00","dateModified":"2025-11-28T11:55:12+00:00","breadcrumb":{"@id":"https:\/\/saintpierredemejans.com\/artistes\/chantal-fry-canada\/#breadcrumb"},"inLanguage":"en-GB","potentialAction":[{"@type":"ReadAction","target":["https:\/\/saintpierredemejans.com\/artistes\/chantal-fry-canada\/"]}]},{"@type":"ImageObject","inLanguage":"en-GB","@id":"https:\/\/saintpierredemejans.com\/artistes\/chantal-fry-canada\/#primaryimage","url":"https:\/\/saintpierredemejans.com\/wp-content\/uploads\/2025\/11\/Chantal-Fry-CV-3.png","contentUrl":"https:\/\/saintpierredemejans.com\/wp-content\/uploads\/2025\/11\/Chantal-Fry-CV-3.png","width":430,"height":310},{"@type":"BreadcrumbList","@id":"https:\/\/saintpierredemejans.com\/artistes\/chantal-fry-canada\/#breadcrumb","itemListElement":[{"@type":"ListItem","position":1,"name":"Home","item":"https:\/\/saintpierredemejans.com\/"},{"@type":"ListItem","position":2,"name":"Artistes","item":"https:\/\/saintpierredemejans.com\/artistes\/"},{"@type":"ListItem","position":3,"name":"Chantal Fry \u2013 Canada"}]},{"@type":"WebSite","@id":"https:\/\/saintpierredemejans.com\/#website","url":"https:\/\/saintpierredemejans.com\/","name":"Ch\u00e2teau Saint-Pierre de Mejans | Vineyard","description":"chateau vineyard","publisher":{"@id":"https:\/\/saintpierredemejans.com\/#organization"},"potentialAction":[{"@type":"SearchAction","target":{"@type":"EntryPoint","urlTemplate":"https:\/\/saintpierredemejans.com\/?s={search_term_string}"},"query-input":{"@type":"PropertyValueSpecification","valueRequired":true,"valueName":"search_term_string"}}],"inLanguage":"en-GB"},{"@type":"Organization","@id":"https:\/\/saintpierredemejans.com\/#organization","name":"Ch\u00e2teau Saint-Pierre de Mejans | Vineyard in the Lub\u00e9ron","url":"https:\/\/saintpierredemejans.com\/","logo":{"@type":"ImageObject","inLanguage":"en-GB","@id":"https:\/\/saintpierredemejans.com\/#\/schema\/logo\/image\/","url":"https:\/\/saintpierredemejans.com\/wp-content\/uploads\/2021\/08\/favicon-1.png","contentUrl":"https:\/\/saintpierredemejans.com\/wp-content\/uploads\/2021\/08\/favicon-1.png","width":822,"height":822,"caption":"Ch\u00e2teau Saint-Pierre de Mejans | Vignoble dans le Lub\u00e9ron"},"image":{"@id":"https:\/\/saintpierredemejans.com\/#\/schema\/logo\/image\/"}}]}},"_links":{"self":[{"href":"https:\/\/saintpierredemejans.com\/en\/wp-json\/wp\/v2\/artiste\/4964","targetHints":{"allow":["GET"]}}],"collection":[{"href":"https:\/\/saintpierredemejans.com\/en\/wp-json\/wp\/v2\/artiste"}],"about":[{"href":"https:\/\/saintpierredemejans.com\/en\/wp-json\/wp\/v2\/types\/artiste"}],"wp:featuredmedia":[{"embeddable":true,"href":"https:\/\/saintpierredemejans.com\/en\/wp-json\/wp\/v2\/media\/5013"}],"wp:attachment":[{"href":"https:\/\/saintpierredemejans.com\/en\/wp-json\/wp\/v2\/media?parent=4964"}],"wp:term":[{"taxonomy":"annee_residence","embeddable":true,"href":"https:\/\/saintpierredemejans.com\/en\/wp-json\/wp\/v2\/annee_residence?post=4964"}],"curies":[{"name":"wp","href":"https:\/\/api.w.org\/{rel}","templated":true}]}}

<p><strong>Chantal Fry</strong> is a Toronto-born professional figure skater, performer and event specialist.  She is a multimedia professional and a passionate storyteller. After living in France for 8 years, where she performed with Holiday on Ice and the Lido de Paris, she created Glisse on Ice to bring the art of skating to unexpected places with a custom-made synthetic ice surface. Although she has returned to Canada to produce shows for prestigious events, her love and inspiration for the South of France remains intact with each visit.</p>
<p>At the château, she will be devoting her time to adapting her first illustrated children's book, "Chloé et la boule à neige", into a full figure skating show. This show will be presented in Canada and France, with the participation of international artists.</p>

<p>Chantal Fry est une patineuse artistique professionnelle, artiste de scène et spécialiste événementielle née à Toronto.  Elle est une professionnelle du multimédia et une conteuse passionnée. Après avoir vécu 8 ans en France où elle s&rsquo;est produite avec Holiday on Ice et le Lido de Paris, elle a créé Glisse on Ice afin de faire [&hellip;]</p>

<!-- This site is optimized with the Yoast SEO plugin v27.4 - https://yoast.com/product/yoast-seo-wordpress/ -->
<title>Chantal Fry – Canada | Château Saint-Pierre de Mejans | Vignoble</title>
<meta name="robots" content="index, follow, max-snippet:-1, max-image-preview:large, max-video-preview:-1" />
<link rel="canonical" href="https://saintpierredemejans.com/en/artists/chantal-fry-canada/" />
<meta property="og:locale" content="en_GB" />
<meta property="og:type" content="article" />
<meta property="og:title" content="Chantal Fry – Canada | Château Saint-Pierre de Mejans | Vignoble" />
<meta property="og:description" content="Chantal Fry est une patineuse artistique professionnelle, artiste de scène et spécialiste événementielle née à Toronto.  Elle est une professionnelle du multimédia et une conteuse passionnée. Après avoir vécu 8 ans en France où elle s&rsquo;est produite avec Holiday on Ice et le Lido de Paris, elle a créé Glisse on Ice afin de faire [&hellip;]" />
<meta property="og:url" content="https://saintpierredemejans.com/en/artists/chantal-fry-canada/" />
<meta property="og:site_name" content="Château Saint-Pierre de Mejans | Vignoble" />
<meta property="article:modified_time" content="2025-11-28T11:55:12+00:00" />
<meta property="og:image" content="https://saintpierredemejans.com/wp-content/uploads/2025/11/Chantal-Fry-CV-3.png" />
	<meta property="og:image:width" content="430" />
	<meta property="og:image:height" content="310" />
	<meta property="og:image:type" content="image/png" />
<meta name="twitter:card" content="summary_large_image" />
<meta name="twitter:label1" content="Estimated reading time" />
	<meta name="twitter:data1" content="1 minute" />
<script type="application/ld+json" class="yoast-schema-graph">{"@context":"https:\/\/schema.org","@graph":[{"@type":"WebPage","@id":"https:\/\/saintpierredemejans.com\/artistes\/chantal-fry-canada\/","url":"https:\/\/saintpierredemejans.com\/artistes\/chantal-fry-canada\/","name":"Chantal Fry – Canada | Château Saint-Pierre de Mejans | Vignoble","isPartOf":{"@id":"https:\/\/saintpierredemejans.com\/#website"},"primaryImageOfPage":{"@id":"https:\/\/saintpierredemejans.com\/artistes\/chantal-fry-canada\/#primaryimage"},"image":{"@id":"https:\/\/saintpierredemejans.com\/artistes\/chantal-fry-canada\/#primaryimage"},"thumbnailUrl":"https:\/\/saintpierredemejans.com\/wp-content\/uploads\/2025\/11\/Chantal-Fry-CV-3.png","datePublished":"2025-11-27T15:24:44+00:00","dateModified":"2025-11-28T11:55:12+00:00","breadcrumb":{"@id":"https:\/\/saintpierredemejans.com\/artistes\/chantal-fry-canada\/#breadcrumb"},"inLanguage":"en-GB","potentialAction":[{"@type":"ReadAction","target":["https:\/\/saintpierredemejans.com\/artistes\/chantal-fry-canada\/"]}]},{"@type":"ImageObject","inLanguage":"en-GB","@id":"https:\/\/saintpierredemejans.com\/artistes\/chantal-fry-canada\/#primaryimage","url":"https:\/\/saintpierredemejans.com\/wp-content\/uploads\/2025\/11\/Chantal-Fry-CV-3.png","contentUrl":"https:\/\/saintpierredemejans.com\/wp-content\/uploads\/2025\/11\/Chantal-Fry-CV-3.png","width":430,"height":310},{"@type":"BreadcrumbList","@id":"https:\/\/saintpierredemejans.com\/artistes\/chantal-fry-canada\/#breadcrumb","itemListElement":[{"@type":"ListItem","position":1,"name":"Home","item":"https:\/\/saintpierredemejans.com\/"},{"@type":"ListItem","position":2,"name":"Artistes","item":"https:\/\/saintpierredemejans.com\/artistes\/"},{"@type":"ListItem","position":3,"name":"Chantal Fry – Canada"}]},{"@type":"WebSite","@id":"https:\/\/saintpierredemejans.com\/#website","url":"https:\/\/saintpierredemejans.com\/","name":"Château Saint-Pierre de Mejans | Vignoble","description":"château vignoble","publisher":{"@id":"https:\/\/saintpierredemejans.com\/#organization"},"potentialAction":[{"@type":"SearchAction","target":{"@type":"EntryPoint","urlTemplate":"https:\/\/saintpierredemejans.com\/?s={search_term_string}"},"query-input":{"@type":"PropertyValueSpecification","valueRequired":true,"valueName":"search_term_string"}}],"inLanguage":"en-GB"},{"@type":"Organization","@id":"https:\/\/saintpierredemejans.com\/#organization","name":"Château Saint-Pierre de Mejans | Vignoble dans le Lubéron","url":"https:\/\/saintpierredemejans.com\/","logo":{"@type":"ImageObject","inLanguage":"en-GB","@id":"https:\/\/saintpierredemejans.com\/#\/schema\/logo\/image\/","url":"https:\/\/saintpierredemejans.com\/wp-content\/uploads\/2021\/08\/favicon-1.png","contentUrl":"https:\/\/saintpierredemejans.com\/wp-content\/uploads\/2021\/08\/favicon-1.png","width":822,"height":822,"caption":"Château Saint-Pierre de Mejans | Vignoble dans le Lubéron"},"image":{"@id":"https:\/\/saintpierredemejans.com\/#\/schema\/logo\/image\/"}}]}</script>
<!-- / Yoast SEO plugin. -->

Chantal Fry - Canada | Château Saint-Pierre de Mejans | Vineyard

Chantal Fry – Canada | Château Saint-Pierre de Mejans | Vignoble

Chantal Fry est une patineuse artistique professionnelle, artiste de scène et spécialiste événementielle née à Toronto.  Elle est une professionnelle du multimédia et une conteuse passionnée. Après avoir vécu 8 ans en France où elle s&rsquo;est produite avec Holiday on Ice et le Lido de Paris, elle a créé Glisse on Ice afin de faire [&hellip;]

Château Saint-Pierre de Mejans | Vignoble

Château Saint-Pierre de Mejans | Vineyard

Château Saint-Pierre de Mejans | Vineyard in the Lubéron

Château Saint-Pierre de Mejans | Vignoble dans le Lubéron
