{"id":5026,"date":"2025-12-15T19:36:31","date_gmt":"2025-12-15T18:36:31","guid":{"rendered":"https:\/\/saintpierredemejans.com\/?post_type=artiste&#038;p=5026"},"modified":"2025-12-15T19:36:31","modified_gmt":"2025-12-15T18:36:31","slug":"louise-pauliac-paris","status":"publish","type":"artiste","link":"https:\/\/saintpierredemejans.com\/en\/artistes\/louise-pauliac-paris\/","title":{"rendered":"Louise Pauliac - Paris"},"content":{"rendered":"<div class=\"xdj266r x14z9mp xat24cr x1lziwak x1vvkbs x126k92a\">\n<div dir=\"auto\">Our first artist at the ch\u00e2teau!<\/div>\n<div dir=\"auto\">Louise, a Parisian playwright and director, will be staying at the ch\u00e2teau in March to finish writing her new play: Lorem Ipsum, Derni\u00e8re version.<\/div>\n<\/div>\n<div class=\"x14z9mp xat24cr x1lziwak x1vvkbs xtlvy1s x126k92a\">\n<div dir=\"auto\"><\/div>\n<div dir=\"auto\">His company has been working on this creation for over 2 years, questioning our imaginations and our stories in the face of the ecological catastrophe we are living through:<\/div>\n<\/div>\n<div class=\"x14z9mp xat24cr x1lziwak x1vvkbs xtlvy1s x126k92a\">\n<div dir=\"auto\">\"How can we avoid being overwhelmed by shock and reappropriate the stories to transform this collective force into a mode of action and reflection? Click here to access the teaser for the play- <span class=\"html-span xdj266r x14z9mp xat24cr x1lziwak xexx8yu xyri2b x18d9i69 x1c1uobl x1hl2dhg x16tdsg8 x1vvkbs\"><a class=\"x1i10hfl xjbqb8w x1ejq31n x18oe1m7 x1sy0etr xstzfhl x972fbf x10w94by x1qhh985 x14e42zd x9f619 x1ypdohk xt0psk2 x3ct3a4 xdj266r x14z9mp xat24cr x1lziwak xexx8yu xyri2b x18d9i69 x1c1uobl x16tdsg8 x1hl2dhg xggy1nq x1a2a7pz xkrqix3 x1sur9pj x1fey0fg x1s688f\" role=\"link\" href=\"https:\/\/www.youtube.com\/watch?v=qedW4ngI5SQ\" target=\"_blank\" rel=\"nofollow noopener\">https:\/\/www.youtube.com\/watch?v=qedW4ngI5SQ<\/a><\/span><\/div>\n<div dir=\"auto\"><\/div>\n<\/div>\n<div class=\"x14z9mp xat24cr x1lziwak x1vvkbs xtlvy1s x126k92a\">\n<div dir=\"auto\">You're sure to meet Louise at some of the meetings and readings we'll be organising during her stay!<\/div>\n<div dir=\"auto\"><\/div>\n<div dir=\"auto\">\"Life is short, art is long\". Hippocrates<\/div>\n<\/div>","protected":false},"excerpt":{"rendered":"<p>Notre premi\u00e8re artiste au ch\u00e2teau ! Louise, une dramaturge et metteuse en sc\u00e8ne Parisienne, s\u00e9journera au ch\u00e2teau en Mars afin de terminer l\u2019\u00e9criture de sa nouvelle pi\u00e8ce : Lorem Ipsum, Derni\u00e8re version. C\u2019est une cr\u00e9ation sur laquelle sa compagnie travaille depuis plus de 2 ans et qui questionne nos imaginaires et nos r\u00e9cits face \u00e0 [&hellip;]<\/p>\n","protected":false},"featured_media":5027,"template":"","annee_residence":[164],"class_list":["post-5026","artiste","type-artiste","status-publish","has-post-thumbnail","hentry","annee_residence-164"],"yoast_head":"<!-- This site is optimized with the Yoast SEO plugin v27.4 - https:\/\/yoast.com\/product\/yoast-seo-wordpress\/ -->\n<title>Louise Pauliac - Paris | Ch\u00e2teau Saint-Pierre de Mejans | Vignoble<\/title>\n<meta name=\"robots\" content=\"index, follow, max-snippet:-1, max-image-preview:large, max-video-preview:-1\" \/>\n<link rel=\"canonical\" href=\"https:\/\/saintpierredemejans.com\/en\/artists\/louise-pauliac-paris\/\" \/>\n<meta property=\"og:locale\" content=\"en_GB\" \/>\n<meta property=\"og:type\" content=\"article\" \/>\n<meta property=\"og:title\" content=\"Louise Pauliac - Paris | Ch\u00e2teau Saint-Pierre de Mejans | Vignoble\" \/>\n<meta property=\"og:description\" content=\"Notre premi\u00e8re artiste au ch\u00e2teau ! Louise, une dramaturge et metteuse en sc\u00e8ne Parisienne, s\u00e9journera au ch\u00e2teau en Mars afin de terminer l\u2019\u00e9criture de sa nouvelle pi\u00e8ce : Lorem Ipsum, Derni\u00e8re version. C\u2019est une cr\u00e9ation sur laquelle sa compagnie travaille depuis plus de 2 ans et qui questionne nos imaginaires et nos r\u00e9cits face \u00e0 [&hellip;]\" \/>\n<meta property=\"og:url\" content=\"https:\/\/saintpierredemejans.com\/en\/artists\/louise-pauliac-paris\/\" \/>\n<meta property=\"og:site_name\" content=\"Ch\u00e2teau Saint-Pierre de Mejans | Vignoble\" \/>\n<meta property=\"og:image\" content=\"https:\/\/saintpierredemejans.com\/wp-content\/uploads\/2025\/12\/louise-pauliac.jpg\" \/>\n\t<meta property=\"og:image:width\" content=\"469\" \/>\n\t<meta property=\"og:image:height\" content=\"586\" \/>\n\t<meta property=\"og:image:type\" content=\"image\/jpeg\" \/>\n<meta name=\"twitter:card\" content=\"summary_large_image\" \/>\n<meta name=\"twitter:label1\" content=\"Estimated reading time\" \/>\n\t<meta name=\"twitter:data1\" content=\"1 minute\" \/>\n<script type=\"application\/ld+json\" class=\"yoast-schema-graph\">{\"@context\":\"https:\\\/\\\/schema.org\",\"@graph\":[{\"@type\":\"WebPage\",\"@id\":\"https:\\\/\\\/saintpierredemejans.com\\\/artistes\\\/louise-pauliac-paris\\\/\",\"url\":\"https:\\\/\\\/saintpierredemejans.com\\\/artistes\\\/louise-pauliac-paris\\\/\",\"name\":\"Louise Pauliac - Paris | Ch\u00e2teau Saint-Pierre de Mejans | Vignoble\",\"isPartOf\":{\"@id\":\"https:\\\/\\\/saintpierredemejans.com\\\/#website\"},\"primaryImageOfPage\":{\"@id\":\"https:\\\/\\\/saintpierredemejans.com\\\/artistes\\\/louise-pauliac-paris\\\/#primaryimage\"},\"image\":{\"@id\":\"https:\\\/\\\/saintpierredemejans.com\\\/artistes\\\/louise-pauliac-paris\\\/#primaryimage\"},\"thumbnailUrl\":\"https:\\\/\\\/saintpierredemejans.com\\\/wp-content\\\/uploads\\\/2025\\\/12\\\/louise-pauliac.jpg\",\"datePublished\":\"2025-12-15T18:36:31+00:00\",\"breadcrumb\":{\"@id\":\"https:\\\/\\\/saintpierredemejans.com\\\/artistes\\\/louise-pauliac-paris\\\/#breadcrumb\"},\"inLanguage\":\"en-GB\",\"potentialAction\":[{\"@type\":\"ReadAction\",\"target\":[\"https:\\\/\\\/saintpierredemejans.com\\\/artistes\\\/louise-pauliac-paris\\\/\"]}]},{\"@type\":\"ImageObject\",\"inLanguage\":\"en-GB\",\"@id\":\"https:\\\/\\\/saintpierredemejans.com\\\/artistes\\\/louise-pauliac-paris\\\/#primaryimage\",\"url\":\"https:\\\/\\\/saintpierredemejans.com\\\/wp-content\\\/uploads\\\/2025\\\/12\\\/louise-pauliac.jpg\",\"contentUrl\":\"https:\\\/\\\/saintpierredemejans.com\\\/wp-content\\\/uploads\\\/2025\\\/12\\\/louise-pauliac.jpg\",\"width\":469,\"height\":586},{\"@type\":\"BreadcrumbList\",\"@id\":\"https:\\\/\\\/saintpierredemejans.com\\\/artistes\\\/louise-pauliac-paris\\\/#breadcrumb\",\"itemListElement\":[{\"@type\":\"ListItem\",\"position\":1,\"name\":\"Home\",\"item\":\"https:\\\/\\\/saintpierredemejans.com\\\/\"},{\"@type\":\"ListItem\",\"position\":2,\"name\":\"Artistes\",\"item\":\"https:\\\/\\\/saintpierredemejans.com\\\/artistes\\\/\"},{\"@type\":\"ListItem\",\"position\":3,\"name\":\"Louise Pauliac &#8211; Paris\"}]},{\"@type\":\"WebSite\",\"@id\":\"https:\\\/\\\/saintpierredemejans.com\\\/#website\",\"url\":\"https:\\\/\\\/saintpierredemejans.com\\\/\",\"name\":\"Ch\u00e2teau Saint-Pierre de Mejans | Vignoble\",\"description\":\"ch\u00e2teau vignoble\",\"publisher\":{\"@id\":\"https:\\\/\\\/saintpierredemejans.com\\\/#organization\"},\"potentialAction\":[{\"@type\":\"SearchAction\",\"target\":{\"@type\":\"EntryPoint\",\"urlTemplate\":\"https:\\\/\\\/saintpierredemejans.com\\\/?s={search_term_string}\"},\"query-input\":{\"@type\":\"PropertyValueSpecification\",\"valueRequired\":true,\"valueName\":\"search_term_string\"}}],\"inLanguage\":\"en-GB\"},{\"@type\":\"Organization\",\"@id\":\"https:\\\/\\\/saintpierredemejans.com\\\/#organization\",\"name\":\"Ch\u00e2teau Saint-Pierre de Mejans | Vignoble dans le Lub\u00e9ron\",\"url\":\"https:\\\/\\\/saintpierredemejans.com\\\/\",\"logo\":{\"@type\":\"ImageObject\",\"inLanguage\":\"en-GB\",\"@id\":\"https:\\\/\\\/saintpierredemejans.com\\\/#\\\/schema\\\/logo\\\/image\\\/\",\"url\":\"https:\\\/\\\/saintpierredemejans.com\\\/wp-content\\\/uploads\\\/2021\\\/08\\\/favicon-1.png\",\"contentUrl\":\"https:\\\/\\\/saintpierredemejans.com\\\/wp-content\\\/uploads\\\/2021\\\/08\\\/favicon-1.png\",\"width\":822,\"height\":822,\"caption\":\"Ch\u00e2teau Saint-Pierre de Mejans | Vignoble dans le Lub\u00e9ron\"},\"image\":{\"@id\":\"https:\\\/\\\/saintpierredemejans.com\\\/#\\\/schema\\\/logo\\\/image\\\/\"}}]}<\/script>\n<!-- \/ Yoast SEO plugin. -->","yoast_head_json":{"title":"Louise Pauliac - Paris | Ch\u00e2teau Saint-Pierre de Mejans | Vineyard","robots":{"index":"index","follow":"follow","max-snippet":"max-snippet:-1","max-image-preview":"max-image-preview:large","max-video-preview":"max-video-preview:-1"},"canonical":"https:\/\/saintpierredemejans.com\/en\/artists\/louise-pauliac-paris\/","og_locale":"en_GB","og_type":"article","og_title":"Louise Pauliac - Paris | Ch\u00e2teau Saint-Pierre de Mejans | Vignoble","og_description":"Notre premi\u00e8re artiste au ch\u00e2teau ! Louise, une dramaturge et metteuse en sc\u00e8ne Parisienne, s\u00e9journera au ch\u00e2teau en Mars afin de terminer l\u2019\u00e9criture de sa nouvelle pi\u00e8ce : Lorem Ipsum, Derni\u00e8re version. C\u2019est une cr\u00e9ation sur laquelle sa compagnie travaille depuis plus de 2 ans et qui questionne nos imaginaires et nos r\u00e9cits face \u00e0 [&hellip;]","og_url":"https:\/\/saintpierredemejans.com\/en\/artists\/louise-pauliac-paris\/","og_site_name":"Ch\u00e2teau Saint-Pierre de Mejans | Vignoble","og_image":[{"width":469,"height":586,"url":"https:\/\/saintpierredemejans.com\/wp-content\/uploads\/2025\/12\/louise-pauliac.jpg","type":"image\/jpeg"}],"twitter_card":"summary_large_image","twitter_misc":{"Estimated reading time":"1 minute"},"schema":{"@context":"https:\/\/schema.org","@graph":[{"@type":"WebPage","@id":"https:\/\/saintpierredemejans.com\/artistes\/louise-pauliac-paris\/","url":"https:\/\/saintpierredemejans.com\/artistes\/louise-pauliac-paris\/","name":"Louise Pauliac - Paris | Ch\u00e2teau Saint-Pierre de Mejans | Vineyard","isPartOf":{"@id":"https:\/\/saintpierredemejans.com\/#website"},"primaryImageOfPage":{"@id":"https:\/\/saintpierredemejans.com\/artistes\/louise-pauliac-paris\/#primaryimage"},"image":{"@id":"https:\/\/saintpierredemejans.com\/artistes\/louise-pauliac-paris\/#primaryimage"},"thumbnailUrl":"https:\/\/saintpierredemejans.com\/wp-content\/uploads\/2025\/12\/louise-pauliac.jpg","datePublished":"2025-12-15T18:36:31+00:00","breadcrumb":{"@id":"https:\/\/saintpierredemejans.com\/artistes\/louise-pauliac-paris\/#breadcrumb"},"inLanguage":"en-GB","potentialAction":[{"@type":"ReadAction","target":["https:\/\/saintpierredemejans.com\/artistes\/louise-pauliac-paris\/"]}]},{"@type":"ImageObject","inLanguage":"en-GB","@id":"https:\/\/saintpierredemejans.com\/artistes\/louise-pauliac-paris\/#primaryimage","url":"https:\/\/saintpierredemejans.com\/wp-content\/uploads\/2025\/12\/louise-pauliac.jpg","contentUrl":"https:\/\/saintpierredemejans.com\/wp-content\/uploads\/2025\/12\/louise-pauliac.jpg","width":469,"height":586},{"@type":"BreadcrumbList","@id":"https:\/\/saintpierredemejans.com\/artistes\/louise-pauliac-paris\/#breadcrumb","itemListElement":[{"@type":"ListItem","position":1,"name":"Home","item":"https:\/\/saintpierredemejans.com\/"},{"@type":"ListItem","position":2,"name":"Artistes","item":"https:\/\/saintpierredemejans.com\/artistes\/"},{"@type":"ListItem","position":3,"name":"Louise Pauliac &#8211; Paris"}]},{"@type":"WebSite","@id":"https:\/\/saintpierredemejans.com\/#website","url":"https:\/\/saintpierredemejans.com\/","name":"Ch\u00e2teau Saint-Pierre de Mejans | Vineyard","description":"chateau vineyard","publisher":{"@id":"https:\/\/saintpierredemejans.com\/#organization"},"potentialAction":[{"@type":"SearchAction","target":{"@type":"EntryPoint","urlTemplate":"https:\/\/saintpierredemejans.com\/?s={search_term_string}"},"query-input":{"@type":"PropertyValueSpecification","valueRequired":true,"valueName":"search_term_string"}}],"inLanguage":"en-GB"},{"@type":"Organization","@id":"https:\/\/saintpierredemejans.com\/#organization","name":"Ch\u00e2teau Saint-Pierre de Mejans | Vineyard in the Lub\u00e9ron","url":"https:\/\/saintpierredemejans.com\/","logo":{"@type":"ImageObject","inLanguage":"en-GB","@id":"https:\/\/saintpierredemejans.com\/#\/schema\/logo\/image\/","url":"https:\/\/saintpierredemejans.com\/wp-content\/uploads\/2021\/08\/favicon-1.png","contentUrl":"https:\/\/saintpierredemejans.com\/wp-content\/uploads\/2021\/08\/favicon-1.png","width":822,"height":822,"caption":"Ch\u00e2teau Saint-Pierre de Mejans | Vignoble dans le Lub\u00e9ron"},"image":{"@id":"https:\/\/saintpierredemejans.com\/#\/schema\/logo\/image\/"}}]}},"_links":{"self":[{"href":"https:\/\/saintpierredemejans.com\/en\/wp-json\/wp\/v2\/artiste\/5026","targetHints":{"allow":["GET"]}}],"collection":[{"href":"https:\/\/saintpierredemejans.com\/en\/wp-json\/wp\/v2\/artiste"}],"about":[{"href":"https:\/\/saintpierredemejans.com\/en\/wp-json\/wp\/v2\/types\/artiste"}],"wp:featuredmedia":[{"embeddable":true,"href":"https:\/\/saintpierredemejans.com\/en\/wp-json\/wp\/v2\/media\/5027"}],"wp:attachment":[{"href":"https:\/\/saintpierredemejans.com\/en\/wp-json\/wp\/v2\/media?parent=5026"}],"wp:term":[{"taxonomy":"annee_residence","embeddable":true,"href":"https:\/\/saintpierredemejans.com\/en\/wp-json\/wp\/v2\/annee_residence?post=5026"}],"curies":[{"name":"wp","href":"https:\/\/api.w.org\/{rel}","templated":true}]}}

<div class="xdj266r x14z9mp xat24cr x1lziwak x1vvkbs x126k92a">
<div dir="auto">Our first artist at the château!</div>
<div dir="auto">Louise, a Parisian playwright and director, will be staying at the château in March to finish writing her new play: Lorem Ipsum, Dernière version.</div>
</div>
<div class="x14z9mp xat24cr x1lziwak x1vvkbs xtlvy1s x126k92a">
<div dir="auto"></div>
<div dir="auto">His company has been working on this creation for over 2 years, questioning our imaginations and our stories in the face of the ecological catastrophe we are living through:</div>
</div>
<div class="x14z9mp xat24cr x1lziwak x1vvkbs xtlvy1s x126k92a">
<div dir="auto">"How can we avoid being overwhelmed by shock and reappropriate the stories to transform this collective force into a mode of action and reflection? Click here to access the teaser for the play- <span class="html-span xdj266r x14z9mp xat24cr x1lziwak xexx8yu xyri2b x18d9i69 x1c1uobl x1hl2dhg x16tdsg8 x1vvkbs"><a class="x1i10hfl xjbqb8w x1ejq31n x18oe1m7 x1sy0etr xstzfhl x972fbf x10w94by x1qhh985 x14e42zd x9f619 x1ypdohk xt0psk2 x3ct3a4 xdj266r x14z9mp xat24cr x1lziwak xexx8yu xyri2b x18d9i69 x1c1uobl x16tdsg8 x1hl2dhg xggy1nq x1a2a7pz xkrqix3 x1sur9pj x1fey0fg x1s688f" role="link" href="https://www.youtube.com/watch?v=qedW4ngI5SQ" target="_blank" rel="nofollow noopener">https://www.youtube.com/watch?v=qedW4ngI5SQ</a></span></div>
<div dir="auto"></div>
</div>
<div class="x14z9mp xat24cr x1lziwak x1vvkbs xtlvy1s x126k92a">
<div dir="auto">You're sure to meet Louise at some of the meetings and readings we'll be organising during her stay!</div>
<div dir="auto"></div>
<div dir="auto">"Life is short, art is long". Hippocrates</div>
</div>

<p>Notre première artiste au château ! Louise, une dramaturge et metteuse en scène Parisienne, séjournera au château en Mars afin de terminer l’écriture de sa nouvelle pièce : Lorem Ipsum, Dernière version. C’est une création sur laquelle sa compagnie travaille depuis plus de 2 ans et qui questionne nos imaginaires et nos récits face à [&hellip;]</p>

<!-- This site is optimized with the Yoast SEO plugin v27.4 - https://yoast.com/product/yoast-seo-wordpress/ -->
<title>Louise Pauliac - Paris | Château Saint-Pierre de Mejans | Vignoble</title>
<meta name="robots" content="index, follow, max-snippet:-1, max-image-preview:large, max-video-preview:-1" />
<link rel="canonical" href="https://saintpierredemejans.com/en/artists/louise-pauliac-paris/" />
<meta property="og:locale" content="en_GB" />
<meta property="og:type" content="article" />
<meta property="og:title" content="Louise Pauliac - Paris | Château Saint-Pierre de Mejans | Vignoble" />
<meta property="og:description" content="Notre première artiste au château ! Louise, une dramaturge et metteuse en scène Parisienne, séjournera au château en Mars afin de terminer l’écriture de sa nouvelle pièce : Lorem Ipsum, Dernière version. C’est une création sur laquelle sa compagnie travaille depuis plus de 2 ans et qui questionne nos imaginaires et nos récits face à [&hellip;]" />
<meta property="og:url" content="https://saintpierredemejans.com/en/artists/louise-pauliac-paris/" />
<meta property="og:site_name" content="Château Saint-Pierre de Mejans | Vignoble" />
<meta property="og:image" content="https://saintpierredemejans.com/wp-content/uploads/2025/12/louise-pauliac.jpg" />
	<meta property="og:image:width" content="469" />
	<meta property="og:image:height" content="586" />
	<meta property="og:image:type" content="image/jpeg" />
<meta name="twitter:card" content="summary_large_image" />
<meta name="twitter:label1" content="Estimated reading time" />
	<meta name="twitter:data1" content="1 minute" />
<script type="application/ld+json" class="yoast-schema-graph">{"@context":"https:\/\/schema.org","@graph":[{"@type":"WebPage","@id":"https:\/\/saintpierredemejans.com\/artistes\/louise-pauliac-paris\/","url":"https:\/\/saintpierredemejans.com\/artistes\/louise-pauliac-paris\/","name":"Louise Pauliac - Paris | Château Saint-Pierre de Mejans | Vignoble","isPartOf":{"@id":"https:\/\/saintpierredemejans.com\/#website"},"primaryImageOfPage":{"@id":"https:\/\/saintpierredemejans.com\/artistes\/louise-pauliac-paris\/#primaryimage"},"image":{"@id":"https:\/\/saintpierredemejans.com\/artistes\/louise-pauliac-paris\/#primaryimage"},"thumbnailUrl":"https:\/\/saintpierredemejans.com\/wp-content\/uploads\/2025\/12\/louise-pauliac.jpg","datePublished":"2025-12-15T18:36:31+00:00","breadcrumb":{"@id":"https:\/\/saintpierredemejans.com\/artistes\/louise-pauliac-paris\/#breadcrumb"},"inLanguage":"en-GB","potentialAction":[{"@type":"ReadAction","target":["https:\/\/saintpierredemejans.com\/artistes\/louise-pauliac-paris\/"]}]},{"@type":"ImageObject","inLanguage":"en-GB","@id":"https:\/\/saintpierredemejans.com\/artistes\/louise-pauliac-paris\/#primaryimage","url":"https:\/\/saintpierredemejans.com\/wp-content\/uploads\/2025\/12\/louise-pauliac.jpg","contentUrl":"https:\/\/saintpierredemejans.com\/wp-content\/uploads\/2025\/12\/louise-pauliac.jpg","width":469,"height":586},{"@type":"BreadcrumbList","@id":"https:\/\/saintpierredemejans.com\/artistes\/louise-pauliac-paris\/#breadcrumb","itemListElement":[{"@type":"ListItem","position":1,"name":"Home","item":"https:\/\/saintpierredemejans.com\/"},{"@type":"ListItem","position":2,"name":"Artistes","item":"https:\/\/saintpierredemejans.com\/artistes\/"},{"@type":"ListItem","position":3,"name":"Louise Pauliac &#8211; Paris"}]},{"@type":"WebSite","@id":"https:\/\/saintpierredemejans.com\/#website","url":"https:\/\/saintpierredemejans.com\/","name":"Château Saint-Pierre de Mejans | Vignoble","description":"château vignoble","publisher":{"@id":"https:\/\/saintpierredemejans.com\/#organization"},"potentialAction":[{"@type":"SearchAction","target":{"@type":"EntryPoint","urlTemplate":"https:\/\/saintpierredemejans.com\/?s={search_term_string}"},"query-input":{"@type":"PropertyValueSpecification","valueRequired":true,"valueName":"search_term_string"}}],"inLanguage":"en-GB"},{"@type":"Organization","@id":"https:\/\/saintpierredemejans.com\/#organization","name":"Château Saint-Pierre de Mejans | Vignoble dans le Lubéron","url":"https:\/\/saintpierredemejans.com\/","logo":{"@type":"ImageObject","inLanguage":"en-GB","@id":"https:\/\/saintpierredemejans.com\/#\/schema\/logo\/image\/","url":"https:\/\/saintpierredemejans.com\/wp-content\/uploads\/2021\/08\/favicon-1.png","contentUrl":"https:\/\/saintpierredemejans.com\/wp-content\/uploads\/2021\/08\/favicon-1.png","width":822,"height":822,"caption":"Château Saint-Pierre de Mejans | Vignoble dans le Lubéron"},"image":{"@id":"https:\/\/saintpierredemejans.com\/#\/schema\/logo\/image\/"}}]}</script>
<!-- / Yoast SEO plugin. -->

Louise Pauliac - Paris | Château Saint-Pierre de Mejans | Vineyard

Louise Pauliac - Paris | Château Saint-Pierre de Mejans | Vignoble

Notre première artiste au château ! Louise, une dramaturge et metteuse en scène Parisienne, séjournera au château en Mars afin de terminer l’écriture de sa nouvelle pièce : Lorem Ipsum, Dernière version. C’est une création sur laquelle sa compagnie travaille depuis plus de 2 ans et qui questionne nos imaginaires et nos récits face à [&hellip;]

Château Saint-Pierre de Mejans | Vignoble

Château Saint-Pierre de Mejans | Vineyard

Château Saint-Pierre de Mejans | Vineyard in the Lubéron

Château Saint-Pierre de Mejans | Vignoble dans le Lubéron
